)). Suppose -5*m + p = 10. Suppose o - 16 = m*o. Let f(s) = -s**3 - 3*s**2 + 4*s + 5. Give f(o).
5
Let l(c) be the first derivative of c**4/4 - 5*c**3/3 - 5*c**2/2 + c + 989. Suppose -96 = 8*y - 24*y. Calculate l(y).
7
Let u(i) be the first derivative of 8*i**3/3 - i + 81. Suppose -10*q + 14*q = -8. Determine u(q).
31
Let g(a) = -a + 8. Let c(u) = -22*u**2 - 2*u + 1. Let j be c(1). Let i = j + 27. Suppose -v + 14 = -6*p + 2*p, 2*p + 28 = i*v. What is g(v)?
2
Let g(s) = -7*s + 0*s - 2*s - s - 15 + 14*s. Give g(5).
5
Let f(z) = 7*z + 31*z + 14*z + 8 - 29*z. Determine f(-2).
-38
Let g(s) = 37*s**3 + 11*s**2 + 17*s + 13. Let t(y) = -62*y**3 - 23*y**2 - 33*y - 25. Let c(f) = -5*g(f) - 3*t(f). Give c(-13).
-3
Let n(u) = u**2 - 3 + 3 - 28*u - 22*u + 55*u - 3. Let h(y) = y**2 + 4*y + 1. Let x be h(-2). Determine n(x).
-9
Suppose -19 = -5*o + 21. Suppose -11*c + 6*c + 60 = 0. Let v(z) = -5*z**2 + z**2 + 3*z**2 - c + 9*z. Calculate v(o).
-4
Let a(q) = 5*q**2 + 2*q - 13. Let o(b) = b**3 - 3*b**2 - 3. Let y be o(3). Let d(z) = -5*z**2 - 2*z + 17. Let v(j) = y*d(j) - 4*a(j). What is v(1)?
-6
Suppose -3*n + 38 = 5*n - 50. Let s(d) = d**3 - 10*d**2 - 6*d + 18. Calculate s(n).
73
Let t = 213 + -212. Let v(f) = 1732*f - 1736*f - 4 + t. Let k = -7 + 3. Give v(k).
13
Let t be (-146)/(-6) - 8/(-12). Suppose 15*s + t = -35. Let j(p) = -p**3 - 5*p**2 - 5*p - 5. Determine j(s).
-1
Let o = 469947 + -469951. Let k(c) = -5*c**3 + 3*c**2 + c + 4. Let u(q) = q**3 - 1. Let j = -22 - -16. Let d(x) = j*u(x) - k(x). Calculate d(o).
22
Let m(s) = -18757*s**2 + 37471*s**2 + s**3 - s + 20 - 18739*s**2. What is m(25)?
-5
Let c(x) = 2*x**2 - 94*x + 5. Let t(d) = -2*d**2 - 23*d + 1. Let h(m) = c(m) - 4*t(m). Suppose 0*o + 4 = -o. Let f be (-9)/(-12) - 1/o. Calculate h(f).
9
Let a(r) = -r**3 + 5*r**2 + 2*r - 7. Suppose d = 3*x + 15, 3*d - 3 = -x - 4*x. Give a(d).
-31
Let b(t) = 15*t - 20. Suppose -1104*s = -1115*s + 33. Give b(s).
25
Let g = -1267 + 1287. Let n(b) = -b**3 + 19*b**2 + 20*b - 8. Calculate n(g).
-8
Suppose -5*c - 13 - 12 = 0. Let i(l) be the third derivative of -l**6/120 - l**5/12 - l**4/12 + l**3/2 + 4269*l**2. What is i(c)?
13
Let m(j) be the second derivative of -1/12*j**4 - 1/20*j**5 + 0 - 1/6*j**3 + 89*j - 17/2*j**2. Determine m(0).
-17
Let b = -5 + 7. Let l = -185 + 185. Let t(o) = 2 - 3 + l + 5*o. Determine t(b).
9
Suppose -46 = l + 5*t, 74 = -3*l - 3*t - 52. Suppose -15*k + 8*k = -301. Let i = l + k. Let q(h) = h**2 - 3*h. What is q(i)?
-2
Let b(g) = -9*g**2 + 23*g + 22. Let t(p) = -14*p**2 + 22*p + 23. Let w(n) = 3*b(n) - 2*t(n). Calculate w(-24).
-4
Suppose -3*r = 2*p - 25, -r + 5*p - 15 = r. Suppose r*v - 3*v = 0. Let i(b) be the first derivative of -b**3/3 - 12*b - 726. Calculate i(v).
-12
Let z(p) = 12*p**2 + 3*p - 3. Let m = -10943 - -10945. What is z(m)?
51
Let u(v) = 10*v**3 + 25*v**2 - 59*v + 51. Let k(o) = 6*o**3 + 12*o**2 - 31*o + 25. Let f(s) = -7*k(s) + 4*u(s). Give f(7).
-6
Let n(r) = r**2. Let o(v) = 6*v**2 - 12*v - 15. Let y(f) = -10*f**2 + 24*f + 30. Let c(p) = -7*o(p) - 4*y(p). Let a(w) = c(w) + n(w). Calculate a(-10).
5
Let d(g) = 6*g**3 + 11*g**2 - 6*g + 2. Let z(w) = -5*w**3 - 12*w**2 + 8*w - 1. Let t(u) = -4*d(u) - 5*z(u). Calculate t(-17).
-20
Let h(c) = -c**3 + 2*c**2 + c - 1. Suppose -5*t = -2*i + 4*i + 49, -i = -5*t + 62. Let y be ((-156)/(-65))/(1 + i/40). Let x = 34 - y. What is h(x)?
1
Let d(k) = -19*k + 6*k**3 + 11*k**2 - 30*k**3 - 79 - 9 + 12 + 26*k**3. Determine d(-6).
2
Let k(o) = -77 - 18754*o + 18735*o - 167. What is k(-13)?
3
Let r(m) be the first derivative of 2/3*m**3 + 17 - 1/2*m**2 - 2*m. Suppose -10 = -3*d + 4*q, 4*q - 3*q = -4*d + 7. What is r(d)?
4
Let x(m) = -33 + 209 + 51*m - 7*m - 9*m - 26 + m**2. Give x(-30).
0
Let g(d) = 9*d**2 + 2*d - 2. Let p = 2735 - 2734. Give g(p).
9
Let u(t) be the second derivative of t**6/360 - 11*t**5/120 + 5*t**4/24 - t**3/6 - 73*t**2/2 - 144*t. Let j(z) be the second derivative of u(z). Give j(9).
-13
Let j(q) = q**3 - q**2 - q + 20. Suppose 10*m - 20 = 50. Let u(z) = 0*z**3 + 0*z**3 - z**3 + 10*z**2 + 7*z - 7 - 27*z. Let a be u(m). Determine j(a).
20
Let l = -14 + 7. Suppose o + 4*v - 20 = 0, o - 3*v = -2*v. Let k(f) = -o + 5*f - 4*f + 3*f - 5*f. Calculate k(l).
3
Let y(d) = 7*d - 130. Let u(x) = 2*x - 13. Let w(b) = -6*u(b) + y(b). Determine w(-12).
8
Let i be 17559/45 - (-2)/(-10). Let a be (5 + i/(-70))/(2/(-35)). Let r(g) = -12 + 2*g + 10*g**2 - g**3 + 6*g - 7*g. Give r(a).
-2
Let h(d) = -d + 8. Suppose 19 = 3*n - 4*k - 60, -5*n - k = -147. Let v = 23 - n. Give h(v).
14
Let m(i) = 1 - 3*i + 4*i + 2. Let l be 1/6 - 1909/(-138). Suppose -l*o - 55 = 43. Determine m(o).
-4
Let d = -436 + 448. Let v(h) = -h + 11. Let i(f) = f - 10. Let k(b) = 3*i(b) + 4*v(b). Give k(d).
2
Let i = -15 + 21. Let u(b) = -b**2 + 0*b**3 + 4 + b**3 - i*b**2 - 8*b. Suppose 45*k - 1016 = -23*k - 59*k. Give u(k).
4
Let u(t) = 64*t + 194. Suppose -d - 3*q = 9, 4*d = 10*d - 3*q + 12. What is u(d)?
2
Let d(x) = 2*x - 1. Let c(n) = -28*n + 1. Let f(o) = -c(o) + 2*d(o). Let r(u) = 162*u - 16. Let t(a) = -11*f(a) + 2*r(a). Give t(-1).
29
Let g(h) = 6*h**2 + 2*h - 2. Let z(f) = 2*f**3 - 7*f**2 + 11*f - 7. Let r be z(2). Let v(t) = -2*t**3 + 6*t**2 - 4*t + 13. Let q be v(r). Calculate g(q).
6
Let r(b) = -9*b**3 - 5*b**2 + 3*b - 3. Let k(c) = 22*c**3 + 14*c**2 - 8*c + 9. Let m(v) = 3*k(v) + 8*r(v). Calculate m(-2).
59
Let g(r) = 19*r - 5. Let y(s) = -57*s + 16. Let j(l) = -17*g(l) - 6*y(l). What is j(5)?
84
Let x(q) = q + 16. Let z be (-14 - -4)/((-4)/80*2). Let o be 75/z*-1*12. Calculate x(o).
7
Let f(t) = t**3 - t**2 - 11*t - 8. Let g = 38544 - 38544. Calculate f(g).
-8
Let c(k) be the first derivative of k**3/3 - k**2 + 32. Let g(o) = 16*o**2 - 28*o. Let f(a) = 28*c(a) - 2*g(a). Calculate f(1).
-4
Suppose 0 = -11*d + 205 - 238. Let s(b) = -2*b + 9. Suppose -7*f + 2*f + 5 = 0. Let m(x) = x - 1. Let q(k) = f*s(k) + 5*m(k). Determine q(d).
-5
Suppose -11*k + 16*k - 20 = 0. Let n(y) = 3*y**2 + 34*y - y**2 - k - 29*y. What is n(-4)?
8
Let s(p) = 1463 + 22*p - 2856 + 1455 + 15*p**2 - 14*p**2. What is s(-18)?
-10
Let w be 1790/2327*13/2. Let y(t) = 5*t + 9. Calculate y(w).
34
Suppose 0 = 5*f - 10. Let g(y) be the third derivative of -6*y**2 + 1/2*y**3 + 0*y + 0 - 1/4*y**4. Give g(f).
-9
Let i(q) = -271*q + 1. Let b(x) = -586*x + 3. Let y(h) = -6*b(h) + 13*i(h). Give y(3).
-26
Let s(o) = o - 11. Let n be (20 + -20)/(5/(5/3)). Suppose n = 9*v - 35 - 82. Determine s(v).
2
Let x(v) = -1 - 8*v + 3 + 9*v**3 + 1 - 10*v**3 - 5 + 8*v**2. Give x(6).
22
Let f(a) = a**2 - 12*a + 16. Suppose -10 + 36 = 2*v - 4*n, 0 = 2*v - 3*n - 22. Suppose -4*g + 24 = -4*h, -v*g + 3*g - 4*h + 42 = 0. What is f(g)?
5
Let q(z) = -13*z**2 - 11*z + 12. Let d(u) = 28*u**2 + 24*u - 24. Let y(r) = -6*d(r) - 13*q(r). Let g be (0 - (5 - 3)) + 2. What is y(g)?
-12
Let d(t) = -t**3 - 10*t**2 - 11*t - 7. Suppose 115 + 72 + 254 = -49*k. Calculate d(k).
11
Let w = -87 - -99. Let m(q) = -13*q**2 - q + 6*q**3 - 5*q**3 - 218 + 15*q + 204. Calculate m(w).
10
Let r(q) = -267*q**2 + 89*q**2 + 0 - 2 - 35*q + 87*q**2 + 93*q**2. What is r(18)?
16
Suppose 26*i = 15*i + i + 60. Let h(a) = 4*a + 6*a**2 - a - 13 - a**3 + a. Determine h(i).
11
Let r(u) = -12*u - 102. Let t(p) = -18*p - 163. Let a(i) = -8*r(i) + 5*t(i). Calculate a(-9).
-53
Let f(m) = -3*m**3 - 23*m**2 + 44*m + 6. Let p(x) = -x**3 - x**2 - x + 2. Let i(q) = -f(q) + 4*p(q). What is i(16)?
2
Let z(t) = 5*t**2 - 5 + 10*t**2 + 11*t**2 - 27*t**2 - 5*t. Calculate z(-9).
-41
Let s(x) be the first derivative of x**6/360 - 7*x**5/120 - x**4/12 + 16*x**3/3 + 2*x**2 + 6. Let h(v) be the third derivative of s(v). Calculate h(6).
-8
Let w(l) = -41*l**2 - 261*l + 262*l + 42*l**2 + 6. Give w(-2).
8
Let q(t) = 5*t**2 + 9*t + 5. Let u(x) = 12*x**2 + 23*x + 11. Let i(h) = -7*q(h) + 3*u(h). Determine i(-8).
14
Let g(p) be the third derivative of p**5/60 - 47*p**4/24 + 169*p**3/6 + 668*p**2 + 10. Give g(43).
-3
Let n(p) be the second derivative of -p**4/24 + p**3/3 + p**2 - 2*p. Let s(k) be the first derivative of n(k). Let r = 4433 + -4427. Determine s(r).
-4
Let i(f) = -f**3 + 6*f**2 - 2. Let b be i(6). Let h(w) = 2 + 5*w**2 + 67*w**3 + w + 12*w**3 - 7*w**2 - 77*w**3. Give h(b).
-24
Suppose 47*r - 23 = -2*l + 44*r, -2*r + 52 =